a prime number?
False
Suppose 106*f = 99*f + 33831. Suppose -f = -u + 3688. Is u composite?
False
Let k be (-4)/((-6)/(-639)*-6). Suppose k*y = 64*y + 46571. Is y prime?
True
Let n(g) = -95*g - 109. Let v(f) = -143*f - 164. Let z(j) = -7*n(j) + 5*v(j). Let a be z(-17). Let c = a + -152. Is c prime?
True
Let c(f) = -200*f**3 + 10*f**2 - 109*f - 89. Is c(-16) a composite number?
True
Let i = -45 + 50. Suppose v - b + 3*b = i, 4*v - 2*b - 60 = 0. Suppose v*c - 4604 = 9*c. Is c a composite number?
False
Is (-1)/((-2)/31130) - (9 + -1) a prime number?
False
Suppose -4*j + 3*v = 431737 - 1880721, -1086721 = -3*j - 2*v. Is j a prime number?
False
Suppose 22*f - 24*f + 2 = 0, -4*y + 9943 = -5*f. Suppose p - 25 = -3*z, 10 = 2*p + 2*z - 20. Suppose p*t - y = 7*t. Is t composite?
False
Suppose -2*u + 10 = -12*u. Is u*(28/6)/(6/(-4311)) composite?
True
Let w(o) = o**3 - 2*o**2 + 45*o - 195. Is w(13) composite?
True
Let t(m) = 400*m - 1343. Is t(24) a prime number?
False
Let f(j) be the first derivative of 50*j**3/3 + 2*j**2 + 3*j + 45. Is f(-6) composite?
True
Let z(t) be the first derivative of -t**4/2 - t**3/3 - t**2/2 + 2741*t - 37. Is z(0) a composite number?
False
Let m(w) be the first derivative of 47*w**3/3 - 37*w**2/2 - 31*w - 60. Is m(-10) a prime number?
True
Suppose -9*g - 5*y = -5*g - 28180, 4*g - 3*y = 28148. Let f = g + -3207. Is f prime?
True
Suppose -20*p + 2326243 = -3174297. Is p a composite number?
False
Is (2 - 379558)/1*(147/(-12) - -12) a prime number?
True
Let j = -59 + 62. Suppose 0 = 5*y + j*k - 912, -4*y + 728 = 5*k - k. Suppose 3*p = y + 84. Is p composite?
False
Is (247085 + -7 - -12)*(-1 - 3/(-2)) composite?
True
Let l = 81491 - 43284. Is l a composite number?
True
Let i = 54 + -51. Suppose -c + 528 = -4*r, 5*c - i*r = -0*r + 2640. Suppose 106 - c = -g. Is g composite?
True
Let m be 2/(-2)*4 - (-33)/11. Let q be (m/((-3)/561))/1. Let k = -24 + q. Is k a composite number?
False
Let y = 97714 - 41121. Suppose 19*n + 10860 = y. Is n a composite number?
True
Let v(w) = -2*w**2 - 6*w + 20. Let u be v(-5). Suppose 4*z + b = -u*b + 58952, -5*z + b = -73681. Is z a composite number?
False
Suppose 5*q = -2*d + 8505, 9 = -q - 2*q. Let t = 10213 - d. Is t a composite number?
False
Let w(l) = 4*l**2 + 8*l - 53. Let x(h) = -5*h**2 - 8*h + 54. Let g(c) = -2*w(c) - 3*x(c). Is g(-11) a prime number?
False
Suppose 0 = -12*u - 10*u + 117568. Let a = 2677 + u. Is a prime?
False
Let i(h) = -h**2 + 20*h - 23. Let c be i(19). Let s(d) = d**3 + 6*d**2 + 2*d - 15. Let x be s(c). Is -1 + x/(18/6328) composite?
False
Let w = 531406 - 165773. Is w a composite number?
True
Suppose 6*s - 28 = -s. Suppose 2*g - 3*g - 60 = -5*x, -s*x = -4*g - 64. Is (-1)/(43/x + -4) a composite number?
False
Let v(u) = 38*u + 2111*u + 8 + 1767*u + 371*u + 376*u. Is v(3) a composite number?
False
Suppose 15*q - 20*q + 25 = 0. Let p be 5/6*12*8/16. Suppose 3489 = p*h - 5*m + 9*m, 2*h - 1382 = -q*m. Is h a prime number?
True
Let a(o) = 3 - 21 + 4480*o + 0 - 3 + 1522*o. Is a(1) prime?
True
Let m = 44 + -41. Suppose r + 36 = 2*n - 59, n + 292 = -m*r. Let l = r - -194. Is l a composite number?
False
Let h = -243 + 245. Suppose -2*m - 3*k = -39062, 0*m + h*k + 97655 = 5*m. Is m a composite number?
False
Let t(v) = -32*v**3 - 38*v**2 + 37*v + 39. Is t(-14) a prime number?
False
Let v = -84 - -84. Suppose 2*k + 10*t = 8*t + 20354, -t - 4 = v. Is k composite?
False
Suppose -18*r = -2655071 - 811063. Is r prime?
False
Let i = 2385 + -4287. Is 962/39*i/(-4) composite?
True
Is (-3 - -1)/((-18)/1115199) a prime number?
True
Suppose -5*x - b = -13, -3*x + 3*b + b + 17 = 0. Let h(r) = -4 + x*r - 10*r**2 + 15 + 42*r**2 + 13*r**2. Is h(-5) a composite number?
True
Let p(i) = -7*i - 3. Suppose -5*w - 9 = -g - 0, -4 = -2*g + 3*w. Let d be p(g). Suppose -d*b + 516 + 1000 = 0. Is b a composite number?
False
Let x(g) = 56845*g - 229. Is x(14) composite?
False
Suppose 5*d - j = 9064, 2*d + 7251 = 6*d - j. Let i = -786 + d. Is i a composite number?
True
Let l be (-10)/(-4)*(-1 - 61). Suppose -307*j + 315*j - 9632 = 0. Let m = j + l. Is m composite?
False
Let y = 50922 + -15109. Suppose -3*d = -y + 1760. Is d prime?
True
Suppose -3*r = -24, 2*f + 65485 = -4*r + 925995. Is f prime?
False
Suppose 29*k - 150 = 198. Suppose -10*r + 6*r = 8. Is 1/r - ((-47142)/k - 7) a prime number?
False
Let o be (-4203)/12 - (2 - (-27)/(-12)). Let a = o - -614. Let v = a + -158. Is v prime?
False
Suppose -865436 = -153*k - 973069 + 5003939. Is k a prime number?
False
Suppose 28333 = c - 2*y - 2*y, -2*y - 141665 = -5*c. Suppose 5*i = 5*b + 35450, -7*b + 2*b + c = 4*i. Is i composite?
True
Let r(y) = y**3 - 3*y**2 - 9*y. Let u be r(5). Suppose -x + u = 0, -6*l + 3*x = -9*l + 15516. Is l composite?
False
Suppose 0 = 6*f - 47 + 41. Let k(z) = 1. Let h(j) = 50*j - 2. Let l(g) = f*h(g) + 6*k(g). Is l(5) a composite number?
True
Let b = -470297 - -805014. Is b a composite number?
False
Suppose 0 = 27*w - 146*w + 11097583. Is w prime?
True
Let t = 159 + -90. Let l = -69 + t. Suppose l = -26*v + 22*v + 6388. Is v a composite number?
False
Let i(n) = 5*n**2 - 12*n - 291. Is i(-20) composite?
False
Suppose -20*n + 116521 = -25779. Is n prime?
False
Let v(f) = -7389*f**3 + 4*f**2 + 2*f - 2. Let x be v(-1). Is ((-20)/2)/(-11 + 81261/x) a prime number?
False
Suppose -49128 + 189726 = -6*m. Let v = -13298 - m. Is v a prime number?
False
Let y(f) = -325*f + 20. Let d be y(10). Let k = d + 7303. Is k composite?
False
Let k(f) = 9 + 251*f**2 + 2971*f + 2960*f - 5939*f. Is k(6) a prime number?
False
Let j = -5180 + 4025. Let p be ((-34)/(-4))/(1/(-64)). Let k = p - j. Is k a prime number?
False
Let k = -19 + 27. Suppose -k*l + 14 = -10. Is 4583/l - (-2 - 8/(-3)) a composite number?
True
Suppose 5*t + 23 = -4*g + 3*g, 5*g = -3*t - 5. Suppose 3*s = -i + 9926, -g*s + 6594 = -24*i + 20*i. Is s a composite number?
False
Let r = -414 - -420. Let o(s) = 32*s**3 - 5*s**2 + 2*s - 5. Is o(r) prime?
False
Suppose l + 27 = -8*l. Let y(w) = 128*w**2 - 16*w + 1. Is y(l) a composite number?
False
Suppose 84937 - 13833 = 8*p. Suppose 6*z - 1894 = p. Is z composite?
True
Suppose 4*q + 3*y - 751456 = 0, -23*y - 751424 = -4*q - 18*y. Is q a composite number?
False
Suppose -3*u + 35 = u - 5*z, -2*z = u + 1. Is (u - 1 - 100914/(-44))*2 a prime number?
False
Let j(k) = 767*k + 345*k - 3999*k. Suppose 192*w = 188*w - 4. Is j(w) a prime number?
True
Let c(n) = 8461*n**2 - 1593*n - 7. Is c(-6) a composite number?
True
Let v(y) = 297*y**2 + 91*y + 651. Is v(-46) composite?
False
Suppose -71*f - 236686 = -73*f. Is f prime?
True
Let q(h) = 589*h + 1947. Is q(86) a composite number?
True
Suppose -45*o + 46*o + 5*m = 12547, o + 3*m = 12559. Is o composite?
False
Suppose -133*z = -163*z + 1240230. Is z a prime number?
True
Suppose 15*x = -229654 + 2117599. Is x prime?
True
Let p(l) = -2*l**3 - l. Let f(u) = 28*u**3 - 10*u**2 + 15*u + 38. Let w(o) = f(o) + 6*p(o). Is w(9) composite?
False
Let y(t) = 12*t + 46. Let m be y(-4). Let o be (-5 - -9) + 4 + m. Suppose 0 = o*h + h - 63385. Is h a prime number?
False
Let m(o) = 5*o**2 + 25*o + 221. Is m(-48) a prime number?
False
Let j(d) = 1 + 15*d + 47*d**2 + 20*d + 14*d - 51*d. Suppose 6 - 1 = 5*w. Is j(w) a prime number?
False
Suppose 0 = -4*f + 3*f + 2. Suppose 5860 = 3*r - 8*r - 2*g, -f*g - 3520 = 3*r. Is (-26)/(r/291 + 4) prime?
False
Suppose -u + 2330 + 1239 = 0. Is u a composite number?
True
Let w = 11763 - 21271. Let u = w - -16969. Suppose 8*l - u = 5*l. Is l a composite number?
True
Let o(i) = 15*i**2 + 4*i - 5. Suppose r + 2 + 1 = -z, 5*z - 25 = 0. Let h = -4 - r. Is o(h) prime?
True
Let j be (-1334)/10 - (1 - (-14)/(-10)). Let r = 107 - j. Suppose r = -5*x - 4*w + 977, -5*x - w = -743. Is x composite?
False
Let r(k) = -k**3 + 48*k**2 - 41*k - 198. Let z be r(42). Let y = 15013 - z. Is y a prime number?
False
Let q be (-45)/(-10)*2390 - 6. Suppose -q = -o - 1412. Is o prime?
True
Let i be 8895 + -2*1/(-2) - 1. Suppose u - i + 902 = 0. Is u a composite number?
False
Suppose -2*z + 26333 = -3*j - 18793, -30068 = 2*j + 4*z. Let n = 24143 + j. Is n a prime number?
True
Let d be (-12)/(-36)*(9 + 0). Suppose -2*o + d*y = -14449, -5*o + y + 0*y = -36090. Is o composite?
True
Suppose 4*k + 3 = -5*i, -5*k = -k + i - 9.